et h = -5 + 57. Let n = h - 18. What are the prime factors of n?
2, 17
Let v be -25 + (-2)/(-1 + -1). What are the prime factors of (-18)/v - 17/(-4)?
5
Suppose 0 = 2*t - f - 154, 0*t + 80 = t + f. Suppose -20 = -5*d - 2*w + t, 5*d + 5*w = 110. List the prime factors of d.
2, 3
Let r(m) = -12*m - 14. List the prime factors of r(-19).
2, 107
Suppose -5*g + 2*f = -75, -36 = -2*g - 0*g + 2*f. Suppose -g = 4*z - 3*z. Let y = 1 - z. What are the prime factors of y?
2, 7
Suppose -2*m = -7*m - 10. Let l be (m/2)/(4/(-24)). Suppose 5*k - t + l*t = 35, k - 19 = -5*t. List the prime factors of k.
2
Let n(x) be the third derivative of 2*x**2 - 1/12*x**4 + 0*x + 2/3*x**3 + 0. List the prime factors of n(-6).
2
Let i be (-2)/4 + (-1841)/14. What are the prime factors of (1/(-3))/(4/i)?
11
Let v be (-2)/5 - (-129)/(-15). Suppose 0 = 8*q - 3*q + 10. Let l = q - v. What are the prime factors of l?
7
Suppose -5*x = -4*g - 6, -5*x = -x + 4*g - 12. Suppose x*z - 15 = 11. List the prime factors of z.
13
Suppose 4*q = -4*x + 192, 4*q = x - 2*x + 177. List the prime factors of q.
43
Suppose 0 = 2*d + 3 - 27. What are the prime factors of 51/9 - (-4)/d?
2, 3
Let g = -7 - -9. Suppose -3*v + 62 = 5*s, g*s + 36 = 2*v - 0*s. What are the prime factors of v?
19
Suppose 3*k = 8*k - 20. Suppose h - k = -2. List the prime factors of h.
2
Let t(s) = -2*s + 4. Let v be t(4). Let w(r) = r**3 + 6*r**2 + 4*r - 1. What are the prime factors of w(v)?
3, 5
Suppose -2*m = 0, m - 60 = -5*w - 0*w. List the prime factors of 2/8 + 273/w.
23
Let r be 7/(-14) + 41/(-2). Suppose -2*j + j - 2 = 0, -3*u = 4*j - 94. Let x = u + r. List the prime factors of x.
13
Let d be (8/(-12)*-33)/2. List the prime factors of (2*d)/((-14)/(-21)).
3, 11
Let r(m) = m**3 + 9*m**2 + 22. What are the prime factors of r(-9)?
2, 11
Suppose -3*x - 9 = -4*x. Let p = 12 - x. List the prime factors of p.
3
Let d be (-48)/18*9/4. What are the prime factors of 9/d*52/(-6)?
13
Suppose 3*v + 499 = 4*i + 2*v, -v - 625 = -5*i. List the prime factors of i.
2, 3, 7
Let j = 384 - 170. What are the prime factors of j?
2, 107
Let t(a) = -4*a + 1. Let f be t(-1). Let n = -9 + f. What are the prime factors of 116/16 + 1/n?
7
List the prime factors of 1 - (-2)/((-8)/(-124)).
2
Let g(j) = j - 5. Let u be g(7). Suppose 4*p + 4*x - 33 = 3*x, -4*p + 34 = u*x. What are the prime factors of p?
2
Suppose 0 = 4*d, -l + 414 = l + d. What are the prime factors of l?
3, 23
Let h be -2 + (1 - -2) + -3. Let t = 1 + h. List the prime factors of t/(30/(-27) + 1).
3
Let s be -2*(0 + 3/(-2)). Suppose d = 0, -2*l + 12 + 10 = s*d. List the prime factors of l.
11
Let z be (-3)/2 + (-1)/2. Let l(h) = -7*h + 2. Let g be l(z). Suppose 2*b - 12 = g. What are the prime factors of b?
2, 7
Let p(u) be the first derivative of -1 - 1/4*u**4 + 7*u + 0*u**2 - 7/3*u**3. What are the prime factors of p(-7)?
7
Suppose 3*u + 4 = 16. List the prime factors of 1/(u/(4*8)).
2
Let s(r) = -2*r - 3. Let w be s(-2). Let v be w*((2 - 3) + 2). Let d = v - -2. List the prime factors of d.
3
List the prime factors of 99/2 - 4/8.
7
Let r = 66 + -32. List the prime factors of r.
2, 17
Suppose -m - 3*i = 21, -4*m + 0*i - 29 = i. Let f be 0 - (-1 + 6 + -2). What are the prime factors of 2/f + (-22)/m?
3
Let j = 63 + -36. Suppose -2*k = k - j. What are the prime factors of k?
3
Suppose 4*d = 2*d + 12. Let g = -4 + d. What are the prime factors of g?
2
Suppose -4*y = -3*n + 215, 2*n - 5*y = 5*n - 170. List the prime factors of n.
5, 13
Let f(i) = i**3 - 4*i**2 + 7*i - 34. List the prime factors of f(6).
2, 5
Let b(j) = -j**3 - 3*j**2 + 8*j - 20. What are the prime factors of b(-8)?
2, 59
Suppose -70 = d - 6*d. Suppose -d*x + 87 = -11*x. List the prime factors of x.
29
List the prime factors of 2*(-7)/((-14)/60).
2, 3, 5
Let c(y) = -y**3 - 4*y**2 - 3*y + 2. List the prime factors of c(-3).
2
Let u = -23 - -166. List the prime factors of u.
11, 13
Let s(t) = t + 5. Let c(p) = p + 12. Let a be c(-12). Let v be s(a). Suppose v*x - 3*m = 30, -2*m - 16 = -x - x. What are the prime factors of x?
3
Suppose -y - 4*x + 21 = 0, 9 = y + 5*x - 17. Let o = y + 2. Let a(v) = v**3 - 2*v**2 + 3*v - 1. What are the prime factors of a(o)?
17
Suppose 0 = -3*i + 4*r + 32, -2*i = -i + 5*r + 21. Let s be i/(-16) + (-6)/8. What are the prime factors of (-22)/(-3) + s/3?
7
Suppose -j = -251 + 37. What are the prime factors of j?
2, 107
Let t(r) = r**3 - 11*r**2 + 2*r + 14. What are the prime factors of t(12)?
2, 7, 13
Suppose 5*k - 13 = 2*z - 4, 4*z - 12 = 0. Let t(y) = y**3 - y**2 - 5*y + 2. What are the prime factors of t(k)?
5
Suppose -4*l - l = -4*w - 309, -4*w = -l + 49. List the prime factors of l.
5, 13
Let l be 4/(-14) + (-60)/(-14). Suppose 0 = 5*b - 15, a + 3*b + 90 = l*a. List the prime factors of a.
3, 11
Let g(h) = h**3 + 7*h**2 + 3*h - 3. Let k be g(-6). What are the prime factors of ((-32)/10)/((-3)/k)?
2
Let c be (-2)/(-5) - (-46)/10. Suppose -6 - 19 = -c*x. What are the prime factors of 2/5*(x + 5)?
2
Let v(f) = -f + 1. Let k be v(2). Let o = 4 - k. List the prime factors of o.
5
Suppose 2*s + 2*u = 5*s + 4, -4*u + 8 = -4*s. Suppose 5*n = 3*g - 32, s*n = 2*g + n - 30. What are the prime factors of g?
2, 7
Let a = -16 - -99. What are the prime factors of a?
83
Suppose -p + 575 = -c + 6*c, 0 = -4*c - 2*p + 460. What are the prime factors of c?
5, 23
Let a be (-5)/(-15) - 16/(-6). Suppose 0 = -5*y - a*x - 5, -y + x + 9 = y. What are the prime factors of y?
2
Let g = 31 + -15. What are the prime factors of 349/9 - g/(-72)?
3, 13
Let l(b) = -11 - 26*b**3 + 0*b - 2*b + 12. Let s be l(1). Let q = 41 + s. List the prime factors of q.
2, 7
Suppose -t = 3*a - 139, 4*a - 3*t - 180 = t. List the prime factors of a.
2, 23
Suppose 5*l - 2 = -32. Let d = 11 + l. Suppose -d*x = -29 + 9. What are the prime factors of x?
2
Suppose -l + 6 = h, h + 14 = 3*l + l. Suppose 3*q - 3*y = 9, 3*q - y = -q - 3. List the prime factors of (-1)/(q/l*1).
2
Suppose -3*k + 172 = w + 11, -805 = -5*w + 2*k. What are the prime factors of w?
7, 23
Suppose 0 = -4*g + 10*g - 684. What are the prime factors of g?
2, 3, 19
Suppose 3*f + 20 = -f, 0 = -4*v + 2*f - 6. Let d be 2*6/v*-3. Suppose -2*k + d = 1. List the prime factors of k.
2
Let j(r) be the first derivative of -r**4/4 - 2*r**3 + 3*r**2 + 2*r - 2. List the prime factors of j(-7).
3
Let u = 127 - 74. What are the prime factors of u?
53
Let f be (-10*(-1)/(-2))/(-1). Suppose f + 0 = -5*j. What are the prime factors of 16 - (-2 + j)*1?
19
Let c = -1 - -1. Suppose 4*j - 5 - 3 = c. Suppose -4*z + 16 = -j*h, -4*z = -2*z + h - 8. List the prime factors of z.
2
Let b(o) = o**3 - 7*o**2 - 7*o - 3. Let h(y) = y**3 + 6*y**2 + 3*y - 2. Let t be h(-5). What are the prime factors of b(t)?
5
Let c be (-14)/(-35) - 6/(-10). Suppose 1 + c = l. Let d = 7 - l. What are the prime factors of d?
5
Let b(g) = -g**2 + 4*g - 6. Let y be b(4). Let j(q) = q**3 + 7*q**2 + 3*q - 6. List the prime factors of j(y).
2, 3
Let u = 2 - 5. List the prime factors of (u - -1)*(-5)/2.
5
Suppose 64 + 20 = -4*r. Let c = 15 + r. Let u = 7 - c. What are the prime factors of u?
13
Let t(q) = -q + 6. Let n be t(0). Suppose a - 11 = 2*z, 0 = 2*z + n. Suppose -44 + 114 = a*w. What are the prime factors of w?
2, 7
Let o = 150 - 21. What are the prime factors of o?
3, 43
Let g(x) = x**2 - x - 18. List the prime factors of g(-15).
2, 3, 37
Let q = -105 + 186. List the prime factors of q.
3
Let j = 3 - 4. Let g be 6 - (j + 3 + 1). Suppose -g*w = -2*w - 10. What are the prime factors of w?
2, 5
Suppose -2*i = f + 15, 3*i + 20 = -i. Let j = -3 - f. What are the prime factors of j?
2
List the prime factors of 17*3 + (10 - 7).
2, 3
Let l be (86/2)/(-4 - -5). Let z = -28 + l. What are the prime factors of z?
3, 5
What are the prime factors of (-1196)/(-36) + (-4)/18?
3, 11
Let a(t) = -8*t - 1. Let p be a(-4). Let c be 3*1*5/3. Suppose p = c*k + 6. What are the prime factors of k?
5
Suppose -3*d + 7 = -5*w, -4*d + w + 18 = 3*w. Suppose -5*m + 29 = -5*f - 6, 4*f + 7 = -3*m. Let z = m + d. What are the prime factors of z?
7
Suppose 14*w + 135 = 17*w. What are the prime factors of w?
3, 5
Suppose -2*g = -0*g. Let i be g + (-9)/(-3 + 0). Suppose 0 = -2*z - i*z + 40. List the prime factors of z.
2
Let r(k) be the third derivat